 the tens digit of 3883891?
9
What is the tens digit of 63164?
6
What is the hundred thousands digit of 803492?
8
What is the hundred thousands digit of 142711?
1
What is the thousands digit of 3546279?
6
What is the thousands digit of 10614225?
4
What is the hundreds digit of 327510?
5
What is the ten thousands digit of 368926?
6
What is the ten thousands digit of 503351?
0
What is the thousands digit of 871118?
1
What is the hundred thousands digit of 2807003?
8
What is the millions digit of 30139417?
0
What is the tens digit of 50661?
6
What is the ten thousands digit of 400355?
0
What is the tens digit of 271472?
7
What is the hundreds digit of 6105158?
1
What is the units digit of 651619?
9
What is the ten thousands digit of 1860464?
6
What is the ten thousands digit of 265531?
6
What is the ten thousands digit of 100558?
0
What is the thousands digit of 91931?
1
What is the ten thousands digit of 2034806?
3
What is the tens digit of 1515573?
7
What is the ten thousands digit of 603926?
0
What is the thousands digit of 1116907?
6
What is the units digit of 9511624?
4
What is the hundred thousands digit of 702043?
7
What is the tens digit of 139775?
7
What is the units digit of 164287?
7
What is the units digit of 7049075?
5
What is the hundred thousands digit of 1539260?
5
What is the thousands digit of 51606?
1
What is the units digit of 11986?
6
What is the thousands digit of 7711083?
1
What is the tens digit of 2654677?
7
What is the ten millions digit of 11411928?
1
What is the tens digit of 134859?
5
What is the ten thousands digit of 13298577?
9
What is the ten thousands digit of 91590?
9
What is the hundreds digit of 361325?
3
What is the hundred thousands digit of 5106410?
1
What is the ten thousands digit of 11452546?
5
What is the units digit of 358931?
1
What is the thousands digit of 204631?
4
What is the hundreds digit of 631302?
3
What is the ten thousands digit of 982620?
8
What is the tens digit of 2834319?
1
What is the ten millions digit of 12454316?
1
What is the tens digit of 11525?
2
What is the millions digit of 2697768?
2
What is the millions digit of 13713262?
3
What is the units digit of 6922039?
9
What is the thousands digit of 186864?
6
What is the ten thousands digit of 1390545?
9
What is the millions digit of 2923632?
2
What is the thousands digit of 817652?
7
What is the hundred thousands digit of 374886?
3
What is the tens digit of 138323?
2
What is the thousands digit of 630053?
0
What is the units digit of 947798?
8
What is the ten thousands digit of 8995153?
9
What is the tens digit of 932007?
0
What is the thousands digit of 86529?
6
What is the millions digit of 1130843?
1
What is the hundreds digit of 103847?
8
What is the hundred thousands digit of 2324619?
3
What is the thousands digit of 725004?
5
What is the hundred thousands digit of 263887?
2
What is the hundred thousands digit of 789358?
7
What is the ten thousands digit of 756577?
5
What is the millions digit of 5105322?
5
What is the hundred thousands digit of 692394?
6
What is the ten thousands digit of 468623?
6
What is the ten thousands digit of 29330066?
3
What is the ten thousands digit of 367976?
6
What is the tens digit of 778381?
8
What is the units digit of 397210?
0
What is the hundreds digit of 7480562?
5
What is the hundreds digit of 95870?
8
What is the millions digit of 4816459?
4
What is the ten thousands digit of 888259?
8
What is the tens digit of 29153?
5
What is the tens digit of 4301219?
1
What is the hundreds digit of 1161580?
5
What is the tens digit of 2571690?
9
What is the units digit of 3077043?
3
What is the thousands digit of 68605?
8
What is the millions digit of 7627277?
7
What is the units digit of 15063727?
7
What is the hundreds digit of 257277?
2
What is the millions digit of 5393797?
5
What is the hundred thousands digit of 362225?
3
What is the thousands digit of 160750?
0
What is the tens digit of 282197?
9
What is the tens digit of 156732?
3
What is the units digit of 166676?
6
What is the hundred thousands digit of 4083024?
0
What is the hundred thousands digit of 497108?
4
What is the tens digit of 950508?
0
What is the hundreds digit of 274379?
3
What is the tens digit of 707312?
1
What is the units digit of 742903?
3
What is the ten thousands digit of 184894?
8
What is the tens digit of 320027?
2
What is the hundreds digit of 134038?
0
What is the hundred thousands digit of 391219?
3
What is the ten thousands digit of 417656?
1
What is the thousands digit of 114297?
4
What is the thousands digit of 4271383?
1
What is the hundreds digit of 4455907?
9
What is the ten thousands digit of 514357?
1
What is the thousands digit of 92455?
2
What is the thousands digit of 4610443?
0
What is the hundreds digit of 6957071?
0
What is the hundreds digit of 532007?
0
What is the thousands digit of 38589?
8
What is the ten thousands digit of 10730174?
3
What is the thousands digit of 335479?
5
What is the units digit of 2805043?
3
What is the tens digit of 385166?
6
What is the hundred thousands digit of 11977326?
9
What is the thousands digit of 225982?
5
What is the thousands digit of 620613?
0
What is the ten thousands digit of 124262?
2
What is the hundreds digit of 1019367?
3
What is the units digit of 336302?
2
What is the tens digit of 24822141?
4
What is the ten thousands digit of 248185?
4
What is the units digit of 255084?
4
What is the hundred thousands digit of 23484967?
4
What is the ten thousands digit of 3991676?
9
What is the units digit of 252684?
4
What is the units digit of 3471321?
1
What is the hundred thousands digit of 5669218?
6
What is the hundreds digit of 937968?
9
What is the tens digit of 206935?
3
What is the hundreds digit of 359632?
6
What is the tens digit of 62700?
0
What is the units digit of 27625722?
2
What is the ten thousands digit of 1839295?
3
What is the tens digit of 116976?
7
What is the millions digit of 2667303?
2
What is the thousands digit of 2459300?
9
What is the tens digit of 6214577?
7
What is the hundreds digit of 446865?
8
What is the ten thousands digit of 1840774?
4
What is the units digit of 12581097?
7
What is the hundreds digit of 37173?
1
What is the tens digit of 230350?
5
What is the tens digit of 8014927?
2
What is the tens digit of 394587?
8
What is the thousands digit of 440665?
0
What is the hundreds digit of 205464?
4
What is the ten millions digit of 15537032?
1
What is the millions digit of 4510808?
4
What is the millions digit of 1706112?
1
What is the hundreds digit of 826635?
6
What is the ten millions digit of 17569748?
1
What is the hundreds digit of 447223?
2
What is the tens digit of 134347?
4
What is the hundreds digit of 151443?
4
What is the hundreds digit of 70762?
7
What is the units digit of 134880?
0
What is the ten thousands digit of 9640440?
4
What is the hundred thousands digit of 1664069?
6
What is the units digit of 85575?
5
What is the millions digit of 3250651?
3
What is the thousands digit of 33489?
3
What is the units digit of 120728?
8
What is the thousands digit of 3676181?
6
What is the ten thousands digit of 219473?
1
What is the tens digit of 19581?
8
What is the tens digit of 380750?
5
What is the ten thousands digit of 3962870?
6
What is the ten thousands digit of 4365049?
6
What is the thousands digit of 74416?
4
What is the hundreds digit of 341054?
0
What is the thousands digit of 2943478?
3
What is the millions digit of 1105436?
1
What is the hundreds digit of 1118117?
1
What is the hundreds digit of 8145300?
3
What is the tens digit of 214419?
1
What is the hundreds digit of 599102?
1
What is the hundreds digit of 3647758?
7
What is the units digit of 1253865?
5
What is the hundreds digit of 4879004?
0
What is the tens digit of 545942?
4
What is the units digit of 4262669?
9
What is the tens digit of 9756212?
1
What is the thousands digit of 7019773?
9
What is the hundred thousands digit of 427731?
4
What is the tens digit of 290028?
2
What is the thousands digit of 1579366?
9
What is the tens digit of 163214?
1
What is the millions digit of 15200166?
5
What is the thousands digit of 11902?
1
What is the hundred thousands digit of 18231207?
2
What is the hundred thousands digit of 171762?
1
What is the hundred